ed by 27.
23
Let s = 37 + -39. Let j be (-1)/(1/942*s*3). Suppose j = -5*q + 717. What is the remainder when q is divided by 38?
36
Let z be 15*(0 + 2)*(-3)/(-3). Suppose -4*b - z = -10. What is the remainder when 117 is divided by b*(-2 + (-3 - -2))?
12
Suppose -918 = -14*o + 3*o + 1821. Calculate the remainder when 1730 is divided by o.
236
Suppose 3*j - 6*x = -11*x + 181, -5*j + 291 = 3*x. What is the remainder when 214 is divided by j?
43
Suppose -1767*m + 288 = -1751*m. Calculate the remainder when 2518 is divided by m.
16
Let k(s) = -129*s - 71. Let t be k(-2). Let o = -179 + t. Calculate the remainder when 16 is divided by o.
0
Let s(b) = -834*b - 337. Calculate the remainder when s(-8) is divided by 33.
32
Let h(q) = -q**2 - 6*q - 5. Suppose -17*x + 12*x = -1085. What is the remainder when x is divided by h(-3)?
1
Suppose 23 = -5*u + 2*y + 75, 2*u = 2*y + 22. Suppose 4*q + 55 = 5*q. Let f = q + -17. What is the remainder when f is divided by u?
8
Suppose 2852 + 6112 = 257*x - 91*x. What is the remainder when 2427 is divided by x?
51
Let l(f) = 114*f - 61. Suppose -2*u - 5*y + 1 = -7, 0 = -4*u + 2*y + 64. What is the remainder when l(2) is divided by u?
13
Let t(l) = -2*l**3 + 22 - l**3 - 3*l**2 + 2*l**3. Calculate the remainder when 547 is divided by t(0).
19
Calculate the remainder when 338 is divided by (184/(-24))/(18/(-54)).
16
Let a(g) = g**2 + 85*g + 1849. Calculate the remainder when a(-28) is divided by 40.
13
Let n = 85 + -56. Suppose -k + 82 = -n. Let w(g) = 2*g**3 + 33*g**2 - 3*g + 257. Calculate the remainder when k is divided by w(-17).
16
Let k = -135 - -144. Suppose 27*o - k*o = 3510. What is the remainder when o is divided by 50?
45
Let o = 22 + -19. Suppose -t + o + 0 = 0. Suppose -a + 3*i = -11, -i + 2 = -t*i. What is the remainder when 10 is divided by a?
2
Let w = 155 + -153. Suppose 5*a = -5*y + w*y + 203, 5*y = a - 35. Calculate the remainder when 238 is divided by a.
38
Let l(c) = -4*c + 1. Let h(t) = -6*t - 1. Let z(v) = -v. Let p(y) = -h(y) + 5*z(y). Let s(u) = l(u) + 6*p(u). What is the remainder when 73 is divided by s(9)?
23
Suppose b - 2*g = 2*g + 47, 4*b - 113 = g. What is the remainder when b is divided by 49*(-7 + 5)*19/(-266)?
6
Suppose -3*z = 2*z - 2*h - 22, -z + 5*h - 14 = 0. Let v be (-3)/(-4) - 4401/(-36). Suppose 2*u - 5*u + v = 0. Calculate the remainder when u is divided by z.
5
Suppose -2*o = 0, 34*n = 38*n + 5*o - 16. Suppose 0 = -4*l + a + 6, 6 = -2*l + n*a + a. Calculate the remainder when 5 is divided by l.
1
Let f(b) = 7*b - 65. Let w(u) = u**3 - 12*u**2 + 10*u + 22. Let g be w(11). What is the remainder when 26 is divided by f(g)?
2
Let q be (-66)/(-2)*(-2)/6*3. What is the remainder when -1*(1 + q) + -4 is divided by 11?
6
What is the remainder when 1/(2/16) - ((-40 - 1686) + 40) is divided by 5?
4
Suppose -3*c - 5*m + 623 = 0, 5*c - 115*m - 1033 = -118*m. What is the remainder when c is divided by 27?
17
Let a = 438 + 2431. Calculate the remainder when a is divided by 29.
27
What is the remainder when 2811 is divided by -58*(2/16*32/(-8) + 0)?
27
Let i be 1*411/(1 - 4). Let t = i - -151. Calculate the remainder when 2/(-12) - (-1660)/24 is divided by t.
13
Suppose 0 = 2*f - 3*m - 132, -232 = -3*f + 3*m - 7*m. Let w = -796 + 806. What is the remainder when f is divided by w?
2
Suppose 32*y - 33*y = -3*p - 20, -2*p - 23 = -y. Calculate the remainder when 373 is divided by y.
25
Let g be (9*2/6)/(2/178). Suppose 4*s - p = -g, -2*s + 3*p = -2*p + 129. Let j = -46 - s. What is the remainder when 39 is divided by j?
18
Suppose -2*g = 4*o - 994, 4*o = -5*g + 2668 - 153. What is the remainder when 3056 is divided by g?
14
Suppose -4*n - 3 = s - 4, 3*s - 19 = 4*n. Suppose -s*p = -3*c - 116, 0 = -3*p - 0*p + c + 68. What is the remainder when p is divided by 13?
9
Let l = -3259 - -4274. What is the remainder when l is divided by 60?
55
Suppose 19 = -0*s + s. Let x = 1070 - 908. Suppose -10*f + x = -548. Calculate the remainder when f is divided by s.
14
Calculate the remainder when 762 is divided by ((-3)/(-18)*-110)/(61/(-366)).
102
Let j(s) = -s**3 + 155*s**2 + 405*s - 334. What is the remainder when j(157) is divided by 12?
9
Let b(z) = -160*z - 100. Let l be b(-12). Calculate the remainder when 154 is divided by 3*(l/175)/(6/10).
50
Let a = 41083 + -34262. Calculate the remainder when a is divided by 35.
31
Let q = -6558 + 9795. What is the remainder when q is divided by 81?
78
Suppose -6*n - 15 = -5*n - 2*l, -n + 4*l - 11 = 0. Let y = -5767 + 5772. Calculate the remainder when n/((-1)/(2 - 1)) is divided by y.
4
Calculate the remainder when 556 is divided by -14*(-40)/(-60)*9/(-6).
10
Suppose -4*c = -5*j + 12898, 4*j - 322*c + 325*c - 10275 = 0. Calculate the remainder when j is divided by 258.
252
Calculate the remainder when ((-2)/8)/((-34)/12104) is divided by 30/120 + 118/8.
14
Let j = 33970 - 33801. Calculate the remainder when j is divided by 87.
82
Suppose 24*c - 1296 = 28*c. Let d = -277 - c. What is the remainder when d is divided by 13?
8
Let y(t) = -t**2 - 13*t - 26. Let q be y(-8). Let o = 24 - q. What is the remainder when 37 is divided by o?
7
Let v(l) = l**3 + 12*l**2 + 10*l. Let p be v(-9). Let h = -129 + p. Suppose i = 4*y + 130, 559 = -3*i + 7*i - 3*y. What is the remainder when i is divided by h?
22
Calculate the remainder when 1697 is divided by -2*18/(-24)*(10/(-5) + 128).
185
Let i(b) = -b**3 + 8*b**2 - 5*b - 5. Let p be i(7). Suppose -2*m = -p - 25. Suppose -450 = 136*x - 145*x. Calculate the remainder when x is divided by m.
16
Let l be ((-5)/(-1))/(0 + 1). Let p be ((-25)/200 - (-37)/8)*76. Suppose l*i - p = 253. What is the remainder when i is divided by 30?
29
Calculate the remainder when (3/6)/((-1)/(-16)) + 2598 + -1684 is divided by 52.
38
Let r(w) = 6*w**2 + 95*w + 757. What is the remainder when r(-11) is divided by 46?
24
Suppose -9*q = -264 + 219. Suppose -590 = -q*c + b, 132 = 4*c - 2*b - 346. What is the remainder when c is divided by 17?
15
Let z be 84/(-18)*(-15)/21*6. Let s(p) = -8*p + 197. Suppose 0 = 2*m + 8, -m = -2*g - 2*m + 24. What is the remainder when s(z) is divided by g?
9
Let l(s) = 2*s**3 + 16*s**2 + 9*s - 20. Let w = -77 - -71. Calculate the remainder when l(w) is divided by 18.
16
Let c = -217 + 370. Let u be (-873)/72 - (-2)/16. Calculate the remainder when c is divided by 7*u/(-462) + 1281/33.
36
Suppose -106*k = -112*k + 660. Suppose -2*u - k = -4*u. Calculate the remainder when u is divided by 19.
17
Let b = -6 + 6. Suppose 3*s = -u + 14, b*u - 5*u - s = -84. Calculate the remainder when 63 is divided by u.
12
Suppose 0 = 36*f - 28*f + 96*f - 6136. Calculate the remainder when 942 is divided by f.
57
Calculate the remainder when (-2)/3 - 32995/(-15) is divided by 22.
21
Let i(l) = 38*l**2 + l. Let p be i(-1). Let r = p - -38. Let u(b) = -5*b - 149. Calculate the remainder when r is divided by u(-35).
23
Let d(x) = 330*x + 1240. What is the remainder when d(0) is divided by 616?
8
Let s(c) = 2*c**2 - 4*c - 4. Let p(g) = 16*g**3 - 7*g**3 + 6*g**2 - g**3 - 9*g**3 - 4*g. What is the remainder when s(4) is divided by p(5)?
2
Let v(y) = y**2 - 5*y. Let f(h) = h**2 - 14*h - 10. Let x be f(15). Let r be v(x). Suppose r = 5*j - 11*j + 306. What is the remainder when j is divided by 18?
15
Suppose -p = -3*v - 4*p + 33, -5*p + 7 = -v. Let m be -2*((-2)/(-4) - 1)*118. Suppose 5*q - m + 98 = 0. Calculate the remainder when v is divided by q.
0
Let q = 1448 + -1428. Calculate the remainder when 955 is divided by q.
15
Suppose -22*d + 189 - 1245 = -66*d. Calculate the remainder when 3526 is divided by d.
22
Let l(b) = -12*b**2 - 514*b + 22. Calculate the remainder when l(-40) is divided by 2.
0
Suppose 0 = -6227*j + 6198*j + 19604. Calculate the remainder when 3380 is divided by j.
0
Suppose 47*u - 44*u = -93*u + 5472. What is the remainder when 921 is divided by u?
9
Let b be 6*(-7)/(-5 + (2 - -6)). What is the remainder when (-104)/(-6)*((-91)/b + -5) is divided by 14?
12
Let f = -191 - -111. Let l = f - -135. Let q = -732 + 752. Calculate the remainder when l is divided by q.
15
Suppose -5*i = -5*k + 4*k + 471, 5*k - 2355 = 5*i. Suppose 1179 + k = 10*q. What is the remainder when q is divided by 24?
21
Calculate the remainder when 548 is divid